late the highest common factor of 48 and 32624.
16
What is the highest common factor of 47130 and 30?
30
What is the greatest common divisor of 77 and 616?
77
What is the greatest common divisor of 10494 and 198?
198
Calculate the greatest common factor of 360 and 1160.
40
What is the greatest common factor of 33 and 339?
3
Calculate the greatest common divisor of 42 and 9933.
21
Calculate the highest common divisor of 14 and 42.
14
What is the greatest common factor of 128 and 12?
4
What is the greatest common factor of 756 and 60?
12
What is the highest common factor of 40 and 60?
20
Calculate the highest common factor of 46 and 6785.
23
Calculate the greatest common divisor of 32 and 3328.
32
Calculate the greatest common factor of 25 and 50.
25
Calculate the greatest common divisor of 4982 and 94.
94
What is the greatest common factor of 26 and 96?
2
Calculate the greatest common factor of 322 and 35.
7
What is the greatest common factor of 5328 and 24?
24
Calculate the highest common divisor of 2388 and 84.
12
Calculate the greatest common divisor of 2006 and 34.
34
Calculate the greatest common factor of 6956 and 188.
188
What is the greatest common factor of 20 and 4920?
20
Calculate the highest common factor of 30 and 255.
15
Calculate the highest common factor of 80 and 430.
10
What is the highest common factor of 81 and 378?
27
What is the greatest common divisor of 95465 and 305?
305
Calculate the greatest common factor of 2334 and 6.
6
Calculate the highest common factor of 3357 and 9.
9
What is the highest common divisor of 490 and 20?
10
Calculate the greatest common divisor of 118 and 3.
1
What is the greatest common factor of 1239 and 21?
21
Calculate the highest common factor of 16 and 104.
8
Calculate the highest common divisor of 1717 and 606.
101
Calculate the greatest common factor of 76 and 399.
19
Calculate the greatest common divisor of 18585 and 590.
295
Calculate the highest common factor of 1050 and 1610.
70
Calculate the highest common factor of 621 and 81.
27
Calculate the greatest common factor of 1414 and 42.
14
Calculate the greatest common divisor of 2945 and 152.
19
What is the highest common factor of 35 and 55?
5
What is the greatest common factor of 4826 and 38?
38
What is the greatest common factor of 304 and 38?
38
Calculate the greatest common divisor of 665 and 285.
95
Calculate the greatest common divisor of 4 and 244.
4
Calculate the highest common factor of 200 and 8.
8
What is the greatest common divisor of 35 and 520?
5
What is the greatest common factor of 2369 and 92?
23
Calculate the greatest common factor of 299 and 182.
13
What is the greatest common factor of 2873 and 676?
169
Calculate the greatest common divisor of 27 and 117.
9
What is the highest common divisor of 190 and 1406?
38
Calculate the highest common factor of 130 and 2990.
130
What is the greatest common factor of 432 and 8748?
108
Calculate the greatest common divisor of 7 and 91.
7
Calculate the greatest common divisor of 735 and 15.
15
What is the greatest common factor of 2158 and 52?
26
What is the highest common divisor of 1242 and 92?
46
Calculate the highest common factor of 16896 and 154.
22
Calculate the highest common divisor of 213 and 3.
3
What is the greatest common factor of 32544 and 108?
36
Calculate the highest common divisor of 405 and 105.
15
Calculate the highest common divisor of 720 and 210.
30
Calculate the highest common divisor of 628 and 8.
4
Calculate the highest common divisor of 120 and 240.
120
Calculate the highest common factor of 24 and 204.
12
What is the greatest common divisor of 427 and 21?
7
Calculate the highest common factor of 25 and 6400.
25
What is the highest common divisor of 58 and 1102?
58
What is the greatest common factor of 231 and 11?
11
What is the highest common divisor of 15584 and 32?
32
Calculate the greatest common divisor of 3223 and 33.
11
Calculate the greatest common factor of 154 and 112.
14
Calculate the greatest common factor of 1651 and 559.
13
What is the highest common factor of 182 and 1326?
26
What is the greatest common divisor of 1239 and 21?
21
What is the greatest common divisor of 2000 and 1680?
80
What is the greatest common factor of 87 and 58?
29
What is the greatest common factor of 226 and 8701?
113
What is the greatest common divisor of 2431 and 1258?
17
Calculate the highest common divisor of 20 and 46020.
20
Calculate the greatest common factor of 1661 and 302.
151
What is the greatest common divisor of 63 and 1827?
63
What is the highest common divisor of 5859 and 248?
31
What is the highest common factor of 72 and 56?
8
Calculate the greatest common factor of 44 and 40348.
44
What is the highest common factor of 1440 and 800?
160
Calculate the highest common divisor of 364 and 497.
7
Calculate the greatest common divisor of 1403 and 61.
61
What is the highest common factor of 476 and 1708?
28
Calculate the greatest common divisor of 7788 and 396.
132
What is the greatest common factor of 1528 and 8?
8
Calculate the greatest common factor of 86 and 30874.
86
Calculate the greatest common factor of 156 and 975.
39
Calculate the greatest common factor of 1190 and 210.
70
Calculate the greatest common factor of 621 and 138.
69
Calculate the highest common factor of 598 and 92.
46
Calculate the greatest common factor of 36 and 1152.
36
Calculate the highest common divisor of 15 and 755.
5
Calculate the greatest common divisor of 2888 and 494.
38
What is the greatest common factor of 420 and 15750?
210
Calculate the highest common divisor of 415 and 664.
83
What is the greatest common divisor of 651 and 42?
21
What is the greatest common divisor of 11859 and 134?
67
Calculate the greatest common divisor of 1885 and 35.
5
Calculate the highest common divisor of 18 and 2.
2
What is the greatest common factor of 2250 and 18?
18
Calculate the greatest common divisor of 183 and 427.
61
Calculate the greatest common factor of 6 and 7380.
6
What is the highest common factor of 3900 and 91?
13
What is the highest common divisor of 6256 and 2448?
272
What is the greatest common factor of 49 and 21?
7
What is the highest common divisor of 370 and 1184?
74
What is the highest common factor of 904 and 16?
8
What is the greatest common factor of 1001 and 1859?
143
Calculate the greatest common factor of 26 and 130.
26
What is the highest common divisor of 1040 and 65?
65
What is the highest common factor of 858 and 66?
66
What is the highest common factor of 80 and 2544?
16
What is the highest common divisor of 2 and 9?
1
Calculate the highest common factor of 84 and 11220.
12
What is the greatest common divisor of 422 and 40?
2
What is the highest common divisor of 120 and 3480?
120
What is the greatest common divisor of 261 and 551?
29
What is the highest common divisor of 870 and 24?
6
Calculate the greatest common divisor of 564 and 12.
12
Calculate the greatest common divisor of 73584 and 56.
56
Calculate the greatest common factor of 13 and 7.
1
What is the highest common divisor of 668 and 4?
4
What is the highest common divisor of 12 and 188?
4
What is the highest common factor of 20 and 6380?
20
What is the highest common factor of 400 and 175?
25
Calculate the greatest common divisor of 28 and 3570.
14
What is the highest common divisor of 30 and 110?
10
Calculate the greatest common divisor of 26 and 4043.
13
Calculate the highest common factor of 7 and 2219.
7
What is the greatest common factor of 697 and 17?
17
Calculate the highest common factor of 111 and 19869.
111
What is the greatest common divisor of 26 and 429?
13
What is the highest common factor of 507 and 624?
39
Calculate the greatest common factor of 689 and 159.
53
Calculate the highest common divisor of 25 and 1300.
25
Calculate the highest common factor of 835 and 15.
5
Calculate the greatest common factor of 144 and 80.
16
What is the greatest common factor of 42 and 7203?
21
Calculate the greatest common factor of 702 and 108.
54
Calculate the greatest common divisor of 220 and 308.
44
What is the greatest common divisor of 216 and 6264?
216
Calculate the greatest common factor of 88 and 12716.
44
Calculate the greatest common divisor of 575 and 425.
25
Calculate the greatest com